805744.
2, 3, 7, 37, 467
What are the prime factors of 9971376?
2, 3, 293, 709
What are the prime factors of 744835?
5, 7, 13, 1637
List the prime factors of 2873595.
3, 5, 17, 59, 191
What are the prime factors of 658668?
2, 3, 131, 419
What are the prime factors of 3319?
3319
List the prime factors of 274937.
13, 21149
List the prime factors of 1760302.
2, 880151
What are the prime factors of 827840?
2, 5, 13, 199
What are the prime factors of 307905?
3, 5, 13, 1579
List the prime factors of 405022.
2, 313, 647
List the prime factors of 7502534.
2, 13, 288559
List the prime factors of 221926.
2, 37, 2999
What are the prime factors of 9678563?
97, 113, 883
List the prime factors of 343330.
2, 5, 13, 19, 139
What are the prime factors of 10261454?
2, 7, 421, 1741
List the prime factors of 9386607.
3, 3128869
What are the prime factors of 204448?
2, 6389
What are the prime factors of 4665071?
37, 59, 2137
List the prime factors of 13206159.
3, 19, 8581
List the prime factors of 413901.
3, 45989
What are the prime factors of 3032320?
2, 5, 23, 103
List the prime factors of 24928849.
11, 23, 98533
What are the prime factors of 1075737?
3, 13, 27583
List the prime factors of 2161953.
3, 19, 47, 269
What are the prime factors of 105840?
2, 3, 5, 7
List the prime factors of 1343160.
2, 3, 5, 7, 13, 41
List the prime factors of 4404247.
23, 53, 3613
List the prime factors of 325028.
2, 11, 83, 89
List the prime factors of 573524.
2, 7, 20483
List the prime factors of 23156065.
5, 29, 159697
What are the prime factors of 22586014?
2, 11, 631, 1627
What are the prime factors of 5493813?
3, 13, 140867
What are the prime factors of 6644436?
2, 3, 553703
List the prime factors of 4416854.
2, 13, 19, 8941
What are the prime factors of 2248771?
7, 31, 43, 241
What are the prime factors of 1268618?
2, 13, 59, 827
What are the prime factors of 18471561?
3, 6157187
What are the prime factors of 2104970?
2, 5, 7, 30071
What are the prime factors of 169037?
11, 127
List the prime factors of 1141756.
2, 7, 11, 337
What are the prime factors of 37911979?
7, 5415997
What are the prime factors of 112641?
3, 37547
List the prime factors of 10326793.
23, 41, 47, 233
What are the prime factors of 265769?
7, 37967
List the prime factors of 14409615.
3, 5, 11, 23, 3797
What are the prime factors of 3656818?
2, 11, 166219
What are the prime factors of 5152489?
787, 6547
What are the prime factors of 99592?
2, 59, 211
List the prime factors of 4447079.
7, 13, 48869
What are the prime factors of 44794?
2, 22397
List the prime factors of 13652262.
2, 3, 13, 41, 1423
List the prime factors of 6125876.
2, 1531469
What are the prime factors of 4858460?
2, 5, 242923
What are the prime factors of 94295?
5, 18859
List the prime factors of 490543.
490543
What are the prime factors of 199266?
2, 3, 33211
List the prime factors of 484362.
2, 3, 71, 379
What are the prime factors of 3744998?
2, 17, 23, 4789
What are the prime factors of 15511145?
5, 13, 127, 1879
What are the prime factors of 348224?
2, 5441
What are the prime factors of 641964?
2, 3, 61, 877
What are the prime factors of 140592?
2, 3, 29, 101
What are the prime factors of 15698116?
2, 7, 157, 3571
What are the prime factors of 2970640?
2, 5, 71, 523
What are the prime factors of 3510?
2, 3, 5, 13
List the prime factors of 194797.
131, 1487
What are the prime factors of 424772?
2, 103, 1031
List the prime factors of 5582231.
5582231
What are the prime factors of 5812931?
5812931
What are the prime factors of 830325?
3, 5, 11071
What are the prime factors of 627249?
3, 7, 17, 251
List the prime factors of 4146848.
2, 129589
What are the prime factors of 599688?
2, 3, 8329
What are the prime factors of 220118?
2, 110059
List the prime factors of 3790690.
2, 5, 19, 71, 281
List the prime factors of 3779419.
7, 137, 563
List the prime factors of 41707.
179, 233
List the prime factors of 80481.
3, 139, 193
List the prime factors of 2336261.
137, 17053
List the prime factors of 275334.
2, 3, 109, 421
What are the prime factors of 5436452?
2, 7, 27737
List the prime factors of 90234.
2, 3, 557
List the prime factors of 214713.
3, 23857
List the prime factors of 23074768.
2, 1442173
What are the prime factors of 556756?
2, 181, 769
What are the prime factors of 73384?
2, 9173
List the prime factors of 382269.
3, 127423
What are the prime factors of 451604?
2, 112901
List the prime factors of 2450004.
2, 3, 61, 3347
What are the prime factors of 1040818?
2, 520409
List the prime factors of 115473.
3, 61, 631
What are the prime factors of 7855778?
2, 7, 19, 4219
List the prime factors of 1259702.
2, 29, 37, 587
What are the prime factors of 3840864?
2, 3, 40009
What are the prime factors of 439687?
439687
What are the prime factors of 437220?
2, 3, 5, 7, 347
List the prime factors of 3680950.
2, 5, 7, 13, 809
What are the prime factors of 151216?
2, 13, 727
What are the prime factors of 143298?
2, 3, 19, 419
List the prime factors of 38595.
3, 5, 31, 83
List the prime factors of 2851159.
19, 150061
List the prime factors of 41691.
3, 13, 1069
What are the prime factors of 283316?
2, 11, 47, 137
What are the prime factors of 855892?
2, 213973
List the prime factors of 3784530.
2, 3, 5, 126151
What are the prime factors of 175834?
2, 87917
What are the prime factors of 2080129?
2080129
What are the prime factors of 4348813?
7, 621259
List the prime factors of 21263.
11, 1933
What are the prime factors of 5176037?
19, 272423
What are the prime factors of 6183625?
5, 7, 37, 191
What are the prime factors of 3142705?
5, 17, 36973
What are the prime factors of 5127773?
7, 137, 5347
What are the prime factors of 9432381?
3, 7, 449161
List the prime factors of 3034290.
2, 3, 5, 7, 14449
List the prime factors of 6086541.
3, 2028847
List the prime factors of 6614274.
2, 3, 1039, 1061
What are the prime factors of 301310?
2, 5, 29, 1039
What are the prime factors of 6573192?
2, 3, 401, 683
What are the prime factors of 4298428?
2, 1074607
List the prime factors of 25998379.
11, 47, 50287
What are the prime factors of 1145473?
7, 97, 241
What are the prime factors of 7505147?
13, 167, 3457
What are the prime factors of 1357431?
3, 331, 1367
What are the prime factors of 147501?
3, 607
What are the prime factors of 1193465?
5, 7, 13, 43, 61
What are the prime factors of 140741?
140741
What are the prime factors of 2653173?
3, 17, 17341
What are the prime factors of 2479047?
3, 826349
List the prime factors of 5589899.
7, 41, 19477
List the prime factors of 282663.
3, 19, 29
List the prime factors of 182366.
2, 91183
What are the prime factors of 824228?
2, 17, 23, 31
List the prime factors of 11489699.
13, 19, 181, 257
List the prime factors of 6558749.
23, 191, 1493
What are the prime factors of 2464288?
2, 53, 1453
What are the prime factors of 219996?
2, 3, 7, 97
List the prime factors of 288610.
2, 5, 7, 19, 31
List the prime factors of 1886513.
1886513
What are the prime factors of 836277?
3, 13, 41, 523
List the prime factors of 80491.
80491
What are the prime factors of 22291?
22291
What are the prime factors of 6560503?
6560503
What are the prime factors of 1739393?
19, 43, 2129
What are the prime factors of 766961?
13, 58997
What are the prime factors of 1831926?
2, 3, 503, 607
What are the prime factors of 896898?
2, 3, 83, 1801
List the prime factors of 159000.
2, 3, 5, 53
What are the prime factors of 3253813?
3253813
List the prime factors of 322277.
29, 11113
List the prime factors of 182175.
3, 5, 7, 347
What are the prime factors of 7877783?
17, 463399
What are the prime factors of 425882?
2, 73, 2917
What are the prime factors of 1438772?
2, 31, 41, 283
List the prime factors of 1874535.
3, 5, 13, 9613
List the prime factors of 5910171.
3, 29, 67933
What are the prime factors of 145199?
23, 59, 107
List the prime factors of 7453413.
3, 11, 79, 953
What are the prime factors of 76516?
2, 11, 37, 47
List the prime factors of 4512813.
3, 1504271
What are the prime factors of 6860036?
2, 1013, 1693
What are the prime factors of 2880367?
7, 29, 2027
List the prime factors of 17351.
17351
List the prime factors of 933936.
2, 3, 19457
List the prime factors of 7615544.
2, 951943
List the prime factors of 506265.
3, 5, 33751
